s the units digit of 577?
7
What is the ten thousands digit of 26131?
2
What is the hundreds digit of 4763?
7
What is the thousands digit of 7496?
7
What is the ten thousands digit of 20783?
2
What is the tens digit of 8332?
3
What is the tens digit of 4104?
0
What is the tens digit of 4790?
9
What is the ten thousands digit of 10847?
1
What is the units digit of 1935?
5
What is the thousands digit of 2384?
2
What is the hundreds digit of 149932?
9
What is the units digit of 743?
3
What is the units digit of 152?
2
What is the tens digit of 2217?
1
What is the hundreds digit of 45911?
9
What is the hundreds digit of 607?
6
What is the hundreds digit of 2774?
7
What is the units digit of 24493?
3
What is the tens digit of 3921?
2
What is the units digit of 40518?
8
What is the thousands digit of 1720?
1
What is the units digit of 19282?
2
What is the units digit of 735?
5
What is the thousands digit of 2119?
2
What is the hundreds digit of 21806?
8
What is the hundreds digit of 18726?
7
What is the hundreds digit of 73551?
5
What is the tens digit of 3581?
8
What is the units digit of 824?
4
What is the units digit of 42523?
3
What is the units digit of 614?
4
What is the ten thousands digit of 52561?
5
What is the thousands digit of 11790?
1
What is the thousands digit of 1127?
1
What is the units digit of 348?
8
What is the units digit of 15471?
1
What is the tens digit of 345?
4
What is the units digit of 32982?
2
What is the hundreds digit of 3099?
0
What is the units digit of 2457?
7
What is the tens digit of 488?
8
What is the hundreds digit of 45524?
5
What is the units digit of 2589?
9
What is the tens digit of 923?
2
What is the units digit of 248?
8
What is the hundreds digit of 12059?
0
What is the hundreds digit of 9609?
6
What is the thousands digit of 3807?
3
What is the tens digit of 7884?
8
What is the ten thousands digit of 37147?
3
What is the thousands digit of 16771?
6
What is the thousands digit of 34860?
4
What is the units digit of 98354?
4
What is the units digit of 201?
1
What is the tens digit of 48010?
1
What is the tens digit of 2059?
5
What is the hundreds digit of 11021?
0
What is the ten thousands digit of 21105?
2
What is the tens digit of 9221?
2
What is the tens digit of 6078?
7
What is the hundreds digit of 2483?
4
What is the units digit of 3756?
6
What is the hundreds digit of 50313?
3
What is the tens digit of 827?
2
What is the units digit of 38?
8
What is the units digit of 64153?
3
What is the tens digit of 2032?
3
What is the thousands digit of 5141?
5
What is the hundreds digit of 51575?
5
What is the thousands digit of 1130?
1
What is the hundreds digit of 16018?
0
What is the hundreds digit of 17911?
9
What is the units digit of 722?
2
What is the units digit of 1428?
8
What is the hundreds digit of 2413?
4
What is the units digit of 21531?
1
What is the tens digit of 224?
2
What is the units digit of 32115?
5
What is the units digit of 1084?
4
What is the ten thousands digit of 10563?
1
What is the hundreds digit of 130?
1
What is the thousands digit of 4310?
4
What is the units digit of 338?
8
What is the tens digit of 17653?
5
What is the units digit of 184?
4
What is the hundreds digit of 525?
5
What is the thousands digit of 1903?
1
What is the hundreds digit of 7817?
8
What is the tens digit of 1784?
8
What is the thousands digit of 5635?
5
What is the hundreds digit of 29720?
7
What is the units digit of 2651?
1
What is the thousands digit of 64913?
4
What is the tens digit of 278?
7
What is the tens digit of 737?
3
What is the hundreds digit of 11374?
3
What is the units digit of 974?
4
What is the units digit of 981?
1
What is the thousands digit of 20701?
0
What is the hundreds digit of 6101?
1
What is the hundreds digit of 19715?
7
What is the hundreds digit of 379?
3
What is the hundreds digit of 860?
8
What is the thousands digit of 1165?
1
What is the ten thousands digit of 18156?
1
What is the ten thousands digit of 11421?
1
What is the thousands digit of 21348?
1
What is the units digit of 13720?
0
What is the units digit of 1014?
4
What is the tens digit of 596?
9
What is the tens digit of 25360?
6
What is the units digit of 3407?
7
What is the hundreds digit of 32133?
1
What is the units digit of 13357?
7
What is the tens digit of 2754?
5
What is the hundreds digit of 523?
5
What is the units digit of 32944?
4
What is the thousands digit of 2534?
2
What is the units digit of 22023?
3
What is the hundreds digit of 2110?
1
What is the units digit of 1097?
7
What is the thousands digit of 2503?
2
What is the hundreds digit of 20375?
3
What is the tens digit of 47878?
7
What is the units digit of 7613?
3
What is the thousands digit of 39430?
9
What is the hundreds digit of 725?
7
What is the units digit of 117927?
7
What is the ten thousands digit of 10229?
1
What is the hundreds digit of 76158?
1
What is the units digit of 60898?
8
What is the thousands digit of 61762?
1
What is the units digit of 20626?
6
What is the tens digit of 8511?
1
What is the tens digit of 188?
8
What is the tens digit of 5591?
9
What is the units digit of 4890?
0
What is the hundreds digit of 645?
6
What is the tens digit of 689?
8
What is the units digit of 4562?
2
What is the tens digit of 161?
6
What is the thousands digit of 5851?
5
What is the units digit of 3102?
2
What is the hundreds digit of 347?
3
What is the tens digit of 28168?
6
What is the tens digit of 2587?
8
What is the tens digit of 5183?
8
What is the tens digit of 759?
5
What is the hundreds digit of 1133?
1
What is the tens digit of 3271?
7
What is the tens digit of 23279?
7
What is the hundreds digit of 362?
3
What is the units digit of 2341?
1
What is the thousands digit of 1310?
1
What is the units digit of 8287?
7
What is the ten thousands digit of 174333?
7
What is the hundreds digit of 35288?
2
What is the tens digit of 61983?
8
What is the units digit of 36433?
3
What is the thousands digit of 1591?
1
What is the ten thousands digit of 78546?
7
What is the units digit of 128?
8
What is the hundreds digit of 3529?
5
What is the hundreds digit of 7886?
8
What is the units digit of 1783?
3
What is the tens digit of 550?
5
What is the tens digit of 1096?
9
What is the units digit of 18501?
1
What is the tens digit of 45675?
7
What is the units digit of 2214?
4
What is the units digit of 4274?
4
What is the thousands digit of 120039?
0
What is the ten thousands digit of 78133?
7
What is the ten thousands digit of 17304?
1
What is the tens digit of 26560?
6
What is the tens digit of 291?
9
What is the hundreds digit of 4440?
4
What is the units digit of 11725?
5
What is the hundreds digit of 2347?
3
What is the hundreds digit of 774?
7
What is the units digit of 5745?
5
What is the units digit of 6164?
4
What is the tens digit of 141123?
2
What is the hundreds digit of 73452?
4
What is the tens digit of 1516?
1
What is the hundreds digit of 12188?
1
What is the hundreds digit of 7293?
2
What is the units digit of 45626?
6
What is the ten thousands digit of 65611?
6
What is the units digit of 6746?
6
What is the units digit of 626?
6
What is the tens digit of 530?
3
What is the thousands digit of 37177?
7
What is the units digit of 58?
8
What is the units digit of 8504?
4
What is the ten thousands digit of 32908?
3
What is the units digit of 2013?
3
What is the ten thousands digit of 14865?
1
What is the thousands digit of 8317?
8
What is the hundreds digit of 633?
6
What is the hundreds digit of 665?
6
What is the hundreds digit of 12153?
1
What is the thousands digit of 6047?
6
What is the thousands digit of 5807?
5
What is the units digit of 1872?
2
What is the units digit of 8866?
6
What is the hundreds digit of 864?
8
What is the units digit of 3840?
0
What is the ten thousands digit of 10128?
1
What is the tens digit of 11119?
1
What is the tens digit of 282?
8
What is the units digit of 6998?
8
What is the thousands digit of 28921?
8
What is the tens digit of 8887?
8
What is the ten thousands digit of 22454?
2
What is the units digit of 904?
4
What is the hundreds digit of 4514?
5
What is the ten thousands digit of 12437?
1
What is the hundreds digit of 12555?
5
What is the thousands digit of 1051?
1
What is the hundreds digit